 = -326. Calculate the highest common factor of r and 744.
12
Suppose 0 = 31*w - 431 - 2112 - 619. What is the highest common divisor of 1122 and w?
102
Let y be (20/12)/(25/90*3). Suppose x - 4 = 0, -y*k + 4*x - 52 = -208. What is the greatest common divisor of 602 and k?
86
Let v = 8062 + -7231. What is the highest common divisor of 8587 and v?
277
Let u = 104 + 1. Let r = -74 - -150. Suppose 5*m + p = -0*m + r, -3 = -3*p. Calculate the greatest common divisor of m and u.
15
Suppose -152106*b + 152126*b - 40 = 0. Let l be (-1 + 2 - -8) + -1. What is the highest common divisor of b and l?
2
Let s = -51 + 56. Suppose -4*n - 2*c - 158 = 0, 4*c + 35 = -n + s*c. Let y = 68 + n. Calculate the greatest common divisor of y and 6.
6
Let y(w) = -w**2 - 29*w - 54. Let r be y(-6). Suppose -k = m - 13 + 3, 0 = 5*m - 5*k - 30. Let d = m + 4. What is the greatest common factor of d and r?
12
Let z(t) = 2*t**3 - 17*t**2 - 80*t + 868. Let i be z(13). What is the greatest common factor of i and 133?
19
Suppose -7*l + 176 = -2*b, -432*l + 429*l - 5*b + 11 = 0. Suppose 16 = 3*a - 14. Calculate the greatest common factor of a and l.
2
Suppose -2*d + i = -157, 0 = -34*d + 35*d - 4*i - 68. What is the greatest common factor of 280 and d?
40
Suppose 556 + 488 = 29*l. What is the highest common factor of l and 2832?
12
Let g = -5 + 12. Let i = g - 6. Let q = 30 - i. Calculate the greatest common divisor of q and 29.
29
Let i = 2558 - 237. What is the greatest common divisor of 22 and i?
11
Suppose 0 = 3*s - p - 2537, -3*s + 74*p = 70*p - 2534. What is the highest common factor of 752 and s?
94
Suppose -35733 - 14217 = -25*i. Calculate the greatest common factor of i and 36.
18
Suppose -600 = 57*m - 67*m. Let w be (-16)/(-14)*(-84)/m*-10. What is the greatest common divisor of 200 and w?
8
Suppose -59*g + 322429 = -811787. Calculate the greatest common factor of 216 and g.
216
Let v(u) = 19*u**2 + 10 + 2*u**3 - 13 + 13*u - u**3. Let q be v(-6). What is the highest common factor of q and 43?
43
Let o(m) = -88*m - 35. Let a(x) = 29*x + 11. Let h(i) = -8*a(i) - 3*o(i). Let k be h(1). What is the greatest common divisor of 35 and k?
7
Let o(s) = -2*s**3 - 19*s**2 + 88*s - 33. Let y be o(-13). Calculate the greatest common divisor of y and 488.
2
Let a = 1319 + -930. Suppose -85 = -q - 4*d, -5*q - 9*d + 7*d = -a. Calculate the greatest common factor of q and 7.
7
Let t(s) be the second derivative of 5*s**3/3 + 2*s**2 - 52*s - 1. Let z be t(5). What is the greatest common divisor of z and 54?
54
Suppose 0 = -0*q - 5*q + 585. Let u(s) = -155*s - 581. Let z be u(-4). Calculate the greatest common divisor of q and z.
39
Suppose -43*n = -27*n - 27*n + 5082. What is the greatest common divisor of 429 and n?
33
Let t(k) = -194*k - 1543. Let c be t(-8). What is the greatest common factor of c and 6273?
9
Suppose -364 = -5*s + 871. Suppose 19*f - 45*f = -486*f + 8740. Calculate the greatest common divisor of f and s.
19
Suppose -3*u - 3*f + 945 = 0, 0 = -84*u + 81*u - 4*f + 945. Let g(q) = 9*q + 16. Let a be g(6). What is the highest common factor of a and u?
35
Let t(q) = 2*q**3 - 27 + 24*q**2 - 27*q + 31 - q**3. Let k be t(-25). Let v = -39 + k. What is the highest common factor of v and 10?
5
Suppose 12699 = 18*v + 3642 - 3939. What is the highest common divisor of v and 2?
2
Suppose 3*d - 2*j = 83, -d - 2*j = 3*d - 92. Let s = 301 + -26. What is the greatest common factor of d and s?
25
Let k(v) = -14*v + 443. Let h be k(28). Calculate the highest common factor of 221 and h.
17
Let n(j) = 2*j**2 + 11*j + 2. Let l be ((-10)/5 + -19)*8/12. Let r be n(l). Calculate the highest common factor of r and 60.
60
Let p = 7 - -155. What is the highest common factor of 11259 and p?
81
Suppose 632*t - 631*t - 2972 = -4*m, -5*m = -5*t - 3665. Calculate the highest common divisor of m and 3534.
57
Suppose 2*u + k - 87 = 0, 11*u - 5*k + 111 = 558. Suppose 4*b + 5*p - 630 = b, 0 = 5*b - 2*p - 1050. What is the highest common factor of b and u?
42
Suppose 4*o - 777 = l, -6*l - 12 = -10*l. Suppose -3*p + 3*v = 5*v - 193, 3*p + 3*v = 192. What is the greatest common divisor of o and p?
65
Suppose -155*g = -151*g - 912. Suppose g*h - 223*h = 160. Calculate the greatest common factor of h and 8.
8
Let p(d) be the second derivative of 7*d**4/12 + 6*d**2 - 2*d + 1. Let q be p(4). What is the greatest common factor of 4 and q?
4
Suppose -1066*b + 1121*b = 56320. Calculate the highest common factor of b and 12.
4
Let j(t) = -12*t - 82. Suppose 4*g = -5*b - 85, -3*g + 4*b = b + 30. Let h be j(g). What is the greatest common divisor of h and 70?
14
Let u be 181 - 82 - -2*(-16)/4. Let v(h) = -22*h - 1. Let r be v(-3). Calculate the greatest common factor of r and u.
13
Let d(l) = l**3 - 5*l**2 - 2*l - 11. Let p be d(6). Let k be p - 17 - (-103)/1. What is the highest common divisor of k and 9?
9
Suppose 911*q - 96382 = 889*q. What is the highest common divisor of q and 26?
13
Suppose 0 = -3*w - 3*x - 27, 39 = 5*w - 4*x + 93. Let b be w*(9/6)/(-3). Suppose 13 = o + b. What is the highest common divisor of o and 20?
4
Suppose -25*u + 19*u + 324 = 0. Suppose 10 = -u*j + 59*j. What is the greatest common divisor of j and 8?
2
Let r = -133 - -507. Calculate the highest common factor of r and 176.
22
Let k(z) = 7*z**3 - 4*z**2 - 33*z + 119. Let h be k(5). What is the highest common divisor of 189 and h?
27
Let q be 20/60 + 2002/42. Calculate the highest common factor of q and 5592.
24
Let i = 7093 - 7001. Calculate the highest common factor of i and 1564.
92
Suppose 5*b - 5*s = 3415, -b + 311 = -3*s - 370. Let o = 52 - 33. What is the greatest common divisor of o and b?
19
Suppose -5*k + 4300 - 130 = -2*x, 6*k = x + 4997. Calculate the highest common divisor of k and 608.
32
Let y(o) = 5*o + 10*o - 3 + 6*o - 11*o - o**2. Let h be y(8). Let k(a) = -a**2 + 17*a + 4. Let p be k(h). Calculate the greatest common divisor of p and 7.
7
Let k be 213/426*(20*3)/1. Calculate the highest common factor of k and 738.
6
Let s(i) = i**2 + 4*i + 24. Let g be s(-9). Suppose -73*m = -g*m - 96. What is the greatest common divisor of 40 and m?
8
Let r be (6/(-18))/(1*(-12)/252). What is the greatest common factor of r and 29?
1
Let k(x) = 159*x**2 + 43*x + 169. Let z be k(-4). What is the greatest common factor of 42 and z?
21
Suppose -20*p = 5 - 125. Suppose -4*q + 0*q = 4*k - 32, 3*k - 27 = -4*q. Suppose q*t + 2*t = 20. Calculate the greatest common factor of p and t.
2
Let o(j) = 11 - 40 - 8*j + 15 + 9. Let w be o(-2). Let t be 33*1/(9/30). What is the highest common divisor of w and t?
11
Let r = -33 - -42. Suppose r*t + 12 - 48 = 0. Let x be (-665)/(-14)*(t + -2). Calculate the greatest common factor of 38 and x.
19
Let t(s) = s**2 + 5*s + 5*s - 9*s - 2. Suppose 0*d + 22 = -4*q + 2*d, 0 = 3*q + 4*d. Let u be t(q). Calculate the greatest common divisor of 40 and u.
10
Suppose -t - 2563 = 33*z - 36*z, -5*z = 3*t - 4267. Calculate the greatest common divisor of z and 28.
14
Let o(f) = -4*f - 4. Let u be o(-3). Let m be (231/7 - 13)/(1 - 4/8). Suppose m = u*b - 0*b. What is the greatest common factor of b and 15?
5
Let y be 11 + (-8 - (-7 + 5)). Calculate the highest common factor of 3295 and y.
5
Let t be (2 - (-3)/(-3)) + 99. Suppose -13*a - 3*s = -12*a, 0 = a + 4*s - 5. Let g be (4 + (-65)/a)/(2/6). Calculate the highest common divisor of g and t.
25
Suppose 3*b = -6*b + 108. Let f = 151 + 5. Calculate the greatest common divisor of b and f.
12
Suppose -u + 20 = -3*y - 18, -4*u - y + 100 = 0. What is the greatest common factor of u and 10?
2
Suppose -7*b + 5*b = -2852. Suppose -2*m - 5686 = 2*m + w, m = 2*w - b. Let p be (1/4)/1 - m/72. What is the greatest common factor of p and 5?
5
Suppose 2*d - 12293 = -5*a, -3*a + 2*d + 1739 = -5656. Calculate the greatest common factor of a and 23.
23
Let o(a) = -109*a + 14950. Let n be o(137). Calculate the highest common divisor of n and 5219.
17
Let z = -237 - -251. Suppose -3*b + 612 = z*b. Calculate the greatest common divisor of b and 9.
9
Suppose -162*g = 144*g + 7*g - 6886. Suppose 2*h - 8 = 0, -2*h = -v - 6*h + 434. What is the highest common divisor of g and v?
22
Suppose -17*b - 56 = -5. Let m be -2 + 7 - (b + 0 + -20). Suppose 4*g - 16 = -0*g. Calculate the greatest com